*2 - o - 1. Give t(q).
-1
Let c(f) = f**3 + 6*f**2 + 3*f - 6. Let b be ((-6)/3)/(4/10). Let t be c(b). Let q(g) = -143*g + 3*g**2 - 7 + 2 - g**3 + 147*g. What is q(t)?
-5
Let s = -78 + 79. Let q(l) = -2*l. Give q(s).
-2
Let c be 2 + (1 - 2) + -7. Let z(s) = -s**3 - 5*s**2 + 7*s. Let j be z(c). Let q(a) = -a**2 - 5*a + 8. Determine q(j).
2
Suppose 9*r + 20 = 4*r, 3*p + 16 = -r. Let t(s) be the third derivative of -s**5/60 - 5*s**4/24 - s**3/3 + s**2 + 8*s. Give t(p).
2
Let g(n) = -5*n - 8. Suppose 0 = 2*a - 23 + 9. Let f(s) = -2*s - 4. Let c(t) = a*f(t) - 3*g(t). Calculate c(0).
-4
Suppose 0 = -8*r - 8 - 16. Let a be 0*(-2 + 3/2). Let i(d) = a*d**3 + 5*d**2 - 2*d + d**3 + 6*d. Give i(r).
6
Let f = 3 + -4. Let o be 0 + -1 - f*2. Suppose -a - o + 0 = 0. Let n(d) = 5*d**2 - 2*d - 1. Give n(a).
6
Let o(r) = -3*r + 2*r - 2*r**2 - r**2. Give o(1).
-4
Let a = 4 + 1. Let g = -1 + a. Suppose y - 10 = -3*n + 1, -g*y - n = 11. Let k(i) = i + 2. Calculate k(y).
-2
Let u(w) = -w**3 - 6*w**2 - 4*w + 1. Let n = 75 - 80. Calculate u(n).
-4
Let h(t) be the first derivative of -t**4/4 - 7*t**3/3 + 11*t**2/2 - 3*t + 46. Calculate h(-8).
-27
Let f(o) = -o**2 + 5*o + 4. Let w(y) = -7*y**3 - 2*y**2 - 3*y - 2. Let z be w(-1). Give f(z).
-2
Let x be (-1 - -6) + 0 + -1. Let z(t) be the third derivative of -1/4*t**4 + 1/60*t**5 + 5/6*t**3 + 0 + 4*t**2 + 0*t. Calculate z(x).
-3
Let p(a) = -7 + 5*a**2 + a**3 - 10*a**2 + a + 6. Determine p(2).
-11
Suppose -2*w = -i - 3, -i - 6 = -5*w + 2*i. Let t(f) = -f**3 + 3*f**2 + f + 2. Determine t(w).
5
Let w(i) = -5*i**3 - i. Let d(o) = o. Suppose 5*y - 21 = 2*y. Let h be d(y). Suppose -3*n + g = -h*n + 1, 3*n + 12 = -5*g. Calculate w(n).
-6
Let b(g) = -g**3 + g**2 - g. Let w(u) = u**3 + 5*u**2 + 5*u + 4. Suppose 3 = 4*k - k, 4*k = l + 2. Suppose 0 = -0*p - l*p - 8. Let j be w(p). Calculate b(j).
0
Suppose -4*s = -s - 3. Let m(o) be the second derivative of o**5/20 - o**4/12 - o**3/3 + o**2/2 - 2*o. Calculate m(s).
-1
Let o(s) = -4*s**3 + 6*s**2 + 5*s - 1. Let p(x) = -x**3. Let k(j) = -o(j) + 5*p(j). What is k(-4)?
-11
Suppose 0 = -5*w - 3*y + 1, -4*w + 0*w + y = -11. Let n(o) = 3*o**2 - 2*o + 3. Calculate n(w).
11
Let p(r) be the first derivative of -r**2/2 + r - 5. Determine p(-3).
4
Suppose x - 6 = -x. Let k(m) = -2*m - 1. Let l(i) = -3*i - 2. Let y(f) = x*l(f) - 5*k(f). Determine y(4).
3
Let r(a) be the first derivative of a**7/840 - a**6/180 + a**5/60 - a**4/8 - a**3/3 + 5. Let f(v) be the third derivative of r(v). Determine f(2).
1
Let d = -23 - -47. Let u = d + -18. Let m(l) = l**2 - 6*l + 6. Calculate m(u).
6
Let w be (-20)/(-4) - (-1 + -1). Let l = w + -4. Let x(z) = z + l*z - 2*z. What is x(-1)?
-2
Let b(y) = -4*y - 3. Let m(t) = t - 6. Suppose -l + 2*k + 5 = 3*k, 0 = l + 4*k - 5. Let a be m(l). Let s(r) = r. Let p(n) = a*b(n) - 5*s(n). Calculate p(4).
-1
Suppose 5*v + 1 = 6. Let l(q) = -8*q + 1. Calculate l(v).
-7
Let p = 17 + -18. Let n(a) = 7*a - 1. Give n(p).
-8
Let n(u) = 9*u + 1. Let p be (-1)/(3 + 8/(-3)). Let s be (-6)/4 - p/6. Calculate n(s).
-8
Let b(n) = -n**2 + 6*n - 3. Let r be b(5). Let j(v) be the third derivative of v**6/120 - v**5/30 + v**4/12 + v**3/6 + v**2. What is j(r)?
5
Let v(l) = 6*l**2 - 5*l + 8. Let w(k) = 5*k**2 - 4*k + 7. Let y(q) = 4*v(q) - 5*w(q). Let t be y(0). Let u(c) = -c**3 - 3*c**2 + 2*c + 4. Give u(t).
-2
Let c be 4 - (6 + -2 + 0). Let v(u) = -u**2 + 11. What is v(c)?
11
Suppose -6 = -4*j - 2. Suppose -s + 7 = -k + 2*s, -k + j = 5*s. Let x be (k/10)/(2/(-10)). Let w(r) = -r**3 + 3*r**2 - 2*r + 3. Calculate w(x).
3
Let t(k) = 1 - 3*k**3 - k - k**2 - k**3 - 11*k**3. Give t(1).
-16
Suppose 5*d - 22 = -3*l, 10 = 4*d - 3*d - 5*l. Let x(f) = f**2 - 2*f - 7. Give x(d).
8
Let u(q) = -q**2 - 2*q + 1. Suppose 7 + 1 = -2*z - 2*n, -4*z + n = -4. Let d be (-4 - -3)*(-1 - z). Calculate u(d).
-2
Let n(h) = -1 - 8*h - 8*h + 15*h. Give n(-9).
8
Let b(m) = -m + m**2 + m - 2 + 4*m**3 + 1. Give b(-1).
-4
Let c(r) = -2*r + r**2 + r - 6*r + 1 + 2*r. What is c(5)?
1
Suppose -33 = -11*u - 0. Let t(y) = 2*y**2 - 8. Let r(x) = -x**2 + 4. Let s(k) = 11*r(k) + 6*t(k). What is s(u)?
5
Suppose -9*s - 69 = 12. Let x(h) = -h**3 - 10*h**2 - 7*h + 7. What is x(s)?
-11
Let i(s) = 5*s - 4. Let d(n) = n**3 + 10*n**2 - 11*n - 1. Let v be d(-11). Let j = 3 - v. Let a be (j/8)/((-2)/(-12)). Give i(a).
11
Let a(m) be the second derivative of -m**4/12 + m**3/6 + m**2/2 + m. Let w(y) = -2*y**2 + 5*y + 6. Let t(k) = 5*a(k) - w(k). Give t(1).
-4
Let j(a) = -a + 8. Let l be j(7). Let s(f) = 5*f - 3 - f**2 + 0*f**2 + l. Calculate s(3).
4
Let o(b) = -29*b - 29*b - 11 + b**2 + 3 + 51*b. Give o(8).
0
Let b(u) be the second derivative of 2/3*u**3 + 10*u - u**2 + 0. Calculate b(2).
6
Let t(m) = -m**3 - 6*m**2 - 4*m + 10. Let v be t(-5). Let w(q) = 4*q**2 - 3*q - 1. Let i(r) = -r**2 + 0*r + 2*r - r. Let u(a) = v*i(a) + w(a). Give u(3).
-4
Let u(r) = r**2 + 7*r - 6. Let a(p) = 2*p**2 + 6*p - 5. Let s(l) = 6*a(l) - 5*u(l). Calculate s(-1).
6
Let x(w) = 4*w**2 - 5*w - 6. Let f be (-28)/21*(-6)/(-4). Let o(l) = -13*l**2 + 16*l + 19. Let g(j) = f*o(j) - 7*x(j). Give g(3).
-5
Let g = 4 - 10. Let a(t) = -t - 1. Let h(o) = -2*o - 2. Let u(n) = 11*a(n) - 6*h(n). Calculate u(g).
-5
Let q(y) = -6 + y + y - 4*y. Let n be (-18)/4 - 1/(-2). Determine q(n).
2
Suppose 5*u = -11 - 9. Let n = u - -6. Let l(t) = n*t - 3*t - 4 + 2*t. What is l(4)?
0
Let f(v) = 3*v + 3. Let r(s) = -s - 1. Let b(o) = 2*f(o) + 9*r(o). What is b(3)?
-12
Let m(k) = -3*k**3 - 2*k**2 + 9*k + 5. Let g(o) = -4*o**3 - o**2 + 10*o + 5. Let w(v) = -4*g(v) + 5*m(v). Determine w(5).
5
Let d(t) = -t**2 + 4*t + 1. Suppose 0 = -8*f + 4*f + 16. Give d(f).
1
Let c(z) = -z. Let p(g) be the third derivative of -g**3/6 + 3*g**2. Let v(i) = -c(i) - 2*p(i). What is v(-2)?
0
Let l(g) = 2*g - 1. Let x be l(-2). Let r(m) be the second derivative of -m**3/6 - 33*m. Calculate r(x).
5
Let d(v) be the first derivative of v**4/12 + 2*v**3/3 + 5*v**2/2 - 4. Let y(u) be the second derivative of d(u). Determine y(5).
14
Let c(l) = 4*l. Let n(g) = g. Suppose -5*v + 0*v = 15. Let m(x) = v*n(x) - c(x). Give m(1).
-7
Suppose i = 2*x + 2*i - 6, 13 = -3*x + 4*i. Let y(b) = 14*b**3. Calculate y(x).
14
Let y(v) = -6*v + 1. Let q(a) = a + 2. Let k(g) = 2. Let j(u) = -6*k(u) + 5*q(u). Let m(t) = -5*j(t) - 4*y(t). Determine m(0).
6
Suppose -7*b + 1 + 34 = 0. Let a(z) = z - 2. Calculate a(b).
3
Let p(o) = -1 - 13*o**2 + o**2 + 2*o**2 - 3*o**2. What is p(1)?
-14
Let l(g) = 3*g**3 - 17*g**2 - 7*g + 15. Let n(p) = 2*p**3 - 9*p**2 - 3*p + 8. Let u be (10/6)/(2/6). Let h(o) = u*n(o) - 3*l(o). Give h(-5).
-10
Let a(v) = v**2 + 17*v - 36. Let b be a(-19). Let r = -1 + 3. Let q(n) = n**r - n + n**2 + 1 - 3*n**2. What is q(b)?
-5
Let n(h) = h**3 - h**2 - h - 1. Let r(f) = -2*f + 8. Let p be r(4). Calculate n(p).
-1
Let i(l) = 5*l + 1. Let o(t) = 3*t + 1. Let c(k) = 5*i(k) - 8*o(k). Let m be ((-14)/(-3))/(4/6). Let v be c(m). Let p(s) = -s**2 + 5*s + 3. What is p(v)?
7
Let c(v) = -7*v + 3. Let s(w) = -8*w + 4. Let o(z) = 6*c(z) - 5*s(z). Let r = 9 - 7. What is o(r)?
-6
Let a(k) = -k**2 - k - 1. Let b(m) = m**3 - 5*m**2 - 5*m - 6. Let z(q) = -6*a(q) + b(q). Suppose 0 = 6*g + 13 - 1. Calculate z(g).
-6
Let l(u) = 4*u - 3. Let x be (3/3)/(2/10). Suppose -s - 3*t + 4 = -x*s, 12 = 2*s + 2*t. Calculate l(s).
5
Suppose 0*z = -4*z + 8. Suppose u + z = 4*k - 2, 0 = -5*u + k - 20. Let i(o) = o**3 + 4*o**2 - 4. Determine i(u).
-4
Let i(n) = -2*n + 4. Let w(a) = 2*a + 9. Let q be w(-3). What is i(q)?
-2
Let r(i) = i**3 - 4*i**2 + i - 4. Let k(w) = w - 5 - 1 + 4. Let q be k(5). Determine r(q).
-10
Let o(j) = -j - 3. Let n(i) = -i - 10. Let l be n(-6). Calculate o(l).
1
Let a be 4/6 + 12/9. Let g(c) = -7 + 8 - 4*c**a - 4*c + 3*c - 10*c**2. Give g(1).
-14
Suppose 2*j + 4 = -3*z, 5*j = z + 13 + 11. Let t(d) be the second derivative of -d**5/20 - 5*d**4/12 - d**3/6 + 5*d**2/2 - 5*d. What is t(z)?
-7
Suppose -a = 2*c - 45 - 44, 4*c - 427 = -5*a. Let t(k) = -85*k + a*k - 1 - 2*k**2 + 0*k**3 - k**3. Determine t(-2).
3
Let x(k) = -64*k + 33*k - 7 + 29*k. Give x(-8).
9
Let l be (-10 - (-4)/1) + 4. Let p be (4/(-10))/(l/(-20)). Let r(c) = c**3 + 3*c**2 - 5*c - 2. Calculate r(p).
2
Let r(v) = v - 7. Suppose -4*c + 9 = 21. Let b be (c/1)/((-9)/6). Le